{"id":1876,"date":"2025-03-14T10:03:07","date_gmt":"2025-03-14T09:03:07","guid":{"rendered":"https:\/\/lebonsensetlaseve.fr\/?page_id=1876"},"modified":"2025-07-18T10:24:59","modified_gmt":"2025-07-18T09:24:59","slug":"connaissance-origin","status":"publish","type":"page","link":"https:\/\/lebonsensetlaseve.fr\/index.php\/connaissance-origin\/","title":{"rendered":"Le R\u00f4ti V\u00e9g\u00e9tal Origin +"},"content":{"rendered":"<div style=\"position: relative; width: 100%; height: 0; padding-top: 100.0000%;\n padding-bottom: 0; box-shadow: 0 2px 8px 0 rgba(63,69,81,0.16); margin-top: 1.6em; margin-bottom: 0.9em; overflow: hidden;\n border-radius: 8px; will-change: transform;\"><br \/>\n  <iframe loading=\"lazy\" style=\"position: absolute; width: 100%; height: 100%; top: 0; left: 0; border: none; padding: 0;margin: 0;\"\n    src=\"https:\/\/www.canva.com\/design\/DAGqVOMwVd4\/11iDpnBYGOs0dBiLYIZe3A\/view?embed\" allowfullscreen=\"allowfullscreen\" allow=\"fullscreen\"><br \/>\n  <\/iframe>\n<\/div>\n<p><a href=\"https:&#x2F;&#x2F;www.canva.com&#x2F;design&#x2F;DAGqVOMwVd4&#x2F;11iDpnBYGOs0dBiLYIZe3A&#x2F;view?utm_content=DAGqVOMwVd4&amp;utm_campaign=designshare&amp;utm_medium=embeds&amp;utm_source=link\" target=\"_blank\" rel=\"noopener\">Connaissance du R\u00f4ti V\u00e9g\u00e9tal<\/a> par Auberge des Voyageurs<\/p>\n","protected":false},"excerpt":{"rendered":"<p>Connaissance du R\u00f4ti V\u00e9g\u00e9tal par Auberge des Voyageurs<\/p>\n","protected":false},"author":3,"featured_media":0,"parent":0,"menu_order":0,"comment_status":"closed","ping_status":"closed","template":"","meta":{"site-sidebar-layout":"no-sidebar","site-content-layout":"","ast-site-content-layout":"full-width-container","site-content-style":"default","site-sidebar-style":"default","ast-global-header-display":"","ast-banner-title-visibility":"","ast-main-header-display":"","ast-hfb-above-header-display":"","ast-hfb-below-header-display":"","ast-hfb-mobile-header-display":"","site-post-title":"disabled","ast-breadcrumbs-content":"","ast-featured-img":"disabled","footer-sml-layout":"disabled","ast-disable-related-posts":"","theme-transparent-header-meta":"default","adv-header-id-meta":"","stick-header-meta":"","header-above-stick-meta":"","header-main-stick-meta":"","header-below-stick-meta":"","astra-migrate-meta-layouts":"set","ast-page-background-enabled":"default","ast-page-background-meta":{"desktop":{"background-color":"var(--ast-global-color-4)","background-image":"","background-repeat":"repeat","background-position":"center center","background-size":"auto","background-attachment":"scroll","background-type":"","background-media":"","overlay-type":"","overlay-color":"","overlay-opacity":"","overlay-gradient":""},"tablet":{"background-color":"","background-image":"","background-repeat":"repeat","background-position":"center center","background-size":"auto","background-attachment":"scroll","background-type":"","background-media":"","overlay-type":"","overlay-color":"","overlay-opacity":"","overlay-gradient":""},"mobile":{"background-color":"","background-image":"","background-repeat":"repeat","background-position":"center center","background-size":"auto","background-attachment":"scroll","background-type":"","background-media":"","overlay-type":"","overlay-color":"","overlay-opacity":"","overlay-gradient":""}},"ast-content-background-meta":{"desktop":{"background-color":"var(--ast-global-color-5)","background-image":"","background-repeat":"repeat","background-position":"center center","background-size":"auto","background-attachment":"scroll","background-type":"","background-media":"","overlay-type":"","overlay-color":"","overlay-opacity":"","overlay-gradient":""},"tablet":{"background-color":"var(--ast-global-color-5)","background-image":"","background-repeat":"repeat","background-position":"center center","background-size":"auto","background-attachment":"scroll","background-type":"","background-media":"","overlay-type":"","overlay-color":"","overlay-opacity":"","overlay-gradient":""},"mobile":{"background-color":"var(--ast-global-color-5)","background-image":"","background-repeat":"repeat","background-position":"center center","background-size":"auto","background-attachment":"scroll","background-type":"","background-media":"","overlay-type":"","overlay-color":"","overlay-opacity":"","overlay-gradient":""}},"footnotes":""},"class_list":["post-1876","page","type-page","status-publish","hentry"],"yoast_head":"<!-- This site is optimized with the Yoast SEO plugin v27.4 - https:\/\/yoast.com\/product\/yoast-seo-wordpress\/ -->\n<title>Le R\u00f4ti V\u00e9g\u00e9tal Origin + - Le Bon Sens et La S\u00e8ve<\/title>\n<meta name=\"robots\" content=\"index, follow, max-snippet:-1, max-image-preview:large, max-video-preview:-1\" \/>\n<link rel=\"canonical\" href=\"https:\/\/lebonsensetlaseve.fr\/index.php\/connaissance-origin\/\" \/>\n<meta property=\"og:locale\" content=\"fr_FR\" \/>\n<meta property=\"og:type\" content=\"article\" \/>\n<meta property=\"og:title\" content=\"Le R\u00f4ti V\u00e9g\u00e9tal Origin + - Le Bon Sens et La S\u00e8ve\" \/>\n<meta property=\"og:description\" content=\"Connaissance du R\u00f4ti V\u00e9g\u00e9tal par Auberge des Voyageurs\" \/>\n<meta property=\"og:url\" content=\"https:\/\/lebonsensetlaseve.fr\/index.php\/connaissance-origin\/\" \/>\n<meta property=\"og:site_name\" content=\"Le Bon Sens et La S\u00e8ve\" \/>\n<meta property=\"article:modified_time\" content=\"2025-07-18T09:24:59+00:00\" \/>\n<meta name=\"twitter:card\" content=\"summary_large_image\" \/>\n<meta name=\"twitter:label1\" content=\"Dur\u00e9e de lecture estim\u00e9e\" \/>\n\t<meta name=\"twitter:data1\" content=\"1 minute\" \/>\n<script type=\"application\/ld+json\" class=\"yoast-schema-graph\">{\"@context\":\"https:\\\/\\\/schema.org\",\"@graph\":[{\"@type\":\"WebPage\",\"@id\":\"https:\\\/\\\/lebonsensetlaseve.fr\\\/index.php\\\/connaissance-origin\\\/\",\"url\":\"https:\\\/\\\/lebonsensetlaseve.fr\\\/index.php\\\/connaissance-origin\\\/\",\"name\":\"Le R\u00f4ti V\u00e9g\u00e9tal Origin + - Le Bon Sens et La S\u00e8ve\",\"isPartOf\":{\"@id\":\"https:\\\/\\\/lebonsensetlaseve.fr\\\/#website\"},\"datePublished\":\"2025-03-14T09:03:07+00:00\",\"dateModified\":\"2025-07-18T09:24:59+00:00\",\"breadcrumb\":{\"@id\":\"https:\\\/\\\/lebonsensetlaseve.fr\\\/index.php\\\/connaissance-origin\\\/#breadcrumb\"},\"inLanguage\":\"fr-FR\",\"potentialAction\":[{\"@type\":\"ReadAction\",\"target\":[\"https:\\\/\\\/lebonsensetlaseve.fr\\\/index.php\\\/connaissance-origin\\\/\"]}]},{\"@type\":\"BreadcrumbList\",\"@id\":\"https:\\\/\\\/lebonsensetlaseve.fr\\\/index.php\\\/connaissance-origin\\\/#breadcrumb\",\"itemListElement\":[{\"@type\":\"ListItem\",\"position\":1,\"name\":\"Accueil\",\"item\":\"https:\\\/\\\/lebonsensetlaseve.fr\\\/\"},{\"@type\":\"ListItem\",\"position\":2,\"name\":\"Le R\u00f4ti V\u00e9g\u00e9tal Origin +\"}]},{\"@type\":\"WebSite\",\"@id\":\"https:\\\/\\\/lebonsensetlaseve.fr\\\/#website\",\"url\":\"https:\\\/\\\/lebonsensetlaseve.fr\\\/\",\"name\":\"Le Bon Sens et La S\u00e8ve\",\"description\":\"Notre mission, vous r\u00e9galer sainement.\",\"publisher\":{\"@id\":\"https:\\\/\\\/lebonsensetlaseve.fr\\\/#organization\"},\"potentialAction\":[{\"@type\":\"SearchAction\",\"target\":{\"@type\":\"EntryPoint\",\"urlTemplate\":\"https:\\\/\\\/lebonsensetlaseve.fr\\\/?s={search_term_string}\"},\"query-input\":{\"@type\":\"PropertyValueSpecification\",\"valueRequired\":true,\"valueName\":\"search_term_string\"}}],\"inLanguage\":\"fr-FR\"},{\"@type\":\"Organization\",\"@id\":\"https:\\\/\\\/lebonsensetlaseve.fr\\\/#organization\",\"name\":\"Le Bon Sens et La S\u00e8ve\",\"url\":\"https:\\\/\\\/lebonsensetlaseve.fr\\\/\",\"logo\":{\"@type\":\"ImageObject\",\"inLanguage\":\"fr-FR\",\"@id\":\"https:\\\/\\\/lebonsensetlaseve.fr\\\/#\\\/schema\\\/logo\\\/image\\\/\",\"url\":\"https:\\\/\\\/lebonsensetlaseve.fr\\\/wp-content\\\/uploads\\\/2024\\\/05\\\/cropped-cropped-Design-sans-titre-2.png\",\"contentUrl\":\"https:\\\/\\\/lebonsensetlaseve.fr\\\/wp-content\\\/uploads\\\/2024\\\/05\\\/cropped-cropped-Design-sans-titre-2.png\",\"width\":512,\"height\":512,\"caption\":\"Le Bon Sens et La S\u00e8ve\"},\"image\":{\"@id\":\"https:\\\/\\\/lebonsensetlaseve.fr\\\/#\\\/schema\\\/logo\\\/image\\\/\"}}]}<\/script>\n<!-- \/ Yoast SEO plugin. -->","yoast_head_json":{"title":"Le R\u00f4ti V\u00e9g\u00e9tal Origin + - Le Bon Sens et La S\u00e8ve","robots":{"index":"index","follow":"follow","max-snippet":"max-snippet:-1","max-image-preview":"max-image-preview:large","max-video-preview":"max-video-preview:-1"},"canonical":"https:\/\/lebonsensetlaseve.fr\/index.php\/connaissance-origin\/","og_locale":"fr_FR","og_type":"article","og_title":"Le R\u00f4ti V\u00e9g\u00e9tal Origin + - Le Bon Sens et La S\u00e8ve","og_description":"Connaissance du R\u00f4ti V\u00e9g\u00e9tal par Auberge des Voyageurs","og_url":"https:\/\/lebonsensetlaseve.fr\/index.php\/connaissance-origin\/","og_site_name":"Le Bon Sens et La S\u00e8ve","article_modified_time":"2025-07-18T09:24:59+00:00","twitter_card":"summary_large_image","twitter_misc":{"Dur\u00e9e de lecture estim\u00e9e":"1 minute"},"schema":{"@context":"https:\/\/schema.org","@graph":[{"@type":"WebPage","@id":"https:\/\/lebonsensetlaseve.fr\/index.php\/connaissance-origin\/","url":"https:\/\/lebonsensetlaseve.fr\/index.php\/connaissance-origin\/","name":"Le R\u00f4ti V\u00e9g\u00e9tal Origin + - Le Bon Sens et La S\u00e8ve","isPartOf":{"@id":"https:\/\/lebonsensetlaseve.fr\/#website"},"datePublished":"2025-03-14T09:03:07+00:00","dateModified":"2025-07-18T09:24:59+00:00","breadcrumb":{"@id":"https:\/\/lebonsensetlaseve.fr\/index.php\/connaissance-origin\/#breadcrumb"},"inLanguage":"fr-FR","potentialAction":[{"@type":"ReadAction","target":["https:\/\/lebonsensetlaseve.fr\/index.php\/connaissance-origin\/"]}]},{"@type":"BreadcrumbList","@id":"https:\/\/lebonsensetlaseve.fr\/index.php\/connaissance-origin\/#breadcrumb","itemListElement":[{"@type":"ListItem","position":1,"name":"Accueil","item":"https:\/\/lebonsensetlaseve.fr\/"},{"@type":"ListItem","position":2,"name":"Le R\u00f4ti V\u00e9g\u00e9tal Origin +"}]},{"@type":"WebSite","@id":"https:\/\/lebonsensetlaseve.fr\/#website","url":"https:\/\/lebonsensetlaseve.fr\/","name":"Le Bon Sens et La S\u00e8ve","description":"Notre mission, vous r\u00e9galer sainement.","publisher":{"@id":"https:\/\/lebonsensetlaseve.fr\/#organization"},"potentialAction":[{"@type":"SearchAction","target":{"@type":"EntryPoint","urlTemplate":"https:\/\/lebonsensetlaseve.fr\/?s={search_term_string}"},"query-input":{"@type":"PropertyValueSpecification","valueRequired":true,"valueName":"search_term_string"}}],"inLanguage":"fr-FR"},{"@type":"Organization","@id":"https:\/\/lebonsensetlaseve.fr\/#organization","name":"Le Bon Sens et La S\u00e8ve","url":"https:\/\/lebonsensetlaseve.fr\/","logo":{"@type":"ImageObject","inLanguage":"fr-FR","@id":"https:\/\/lebonsensetlaseve.fr\/#\/schema\/logo\/image\/","url":"https:\/\/lebonsensetlaseve.fr\/wp-content\/uploads\/2024\/05\/cropped-cropped-Design-sans-titre-2.png","contentUrl":"https:\/\/lebonsensetlaseve.fr\/wp-content\/uploads\/2024\/05\/cropped-cropped-Design-sans-titre-2.png","width":512,"height":512,"caption":"Le Bon Sens et La S\u00e8ve"},"image":{"@id":"https:\/\/lebonsensetlaseve.fr\/#\/schema\/logo\/image\/"}}]}},"_links":{"self":[{"href":"https:\/\/lebonsensetlaseve.fr\/index.php\/wp-json\/wp\/v2\/pages\/1876","targetHints":{"allow":["GET"]}}],"collection":[{"href":"https:\/\/lebonsensetlaseve.fr\/index.php\/wp-json\/wp\/v2\/pages"}],"about":[{"href":"https:\/\/lebonsensetlaseve.fr\/index.php\/wp-json\/wp\/v2\/types\/page"}],"author":[{"embeddable":true,"href":"https:\/\/lebonsensetlaseve.fr\/index.php\/wp-json\/wp\/v2\/users\/3"}],"replies":[{"embeddable":true,"href":"https:\/\/lebonsensetlaseve.fr\/index.php\/wp-json\/wp\/v2\/comments?post=1876"}],"version-history":[{"count":15,"href":"https:\/\/lebonsensetlaseve.fr\/index.php\/wp-json\/wp\/v2\/pages\/1876\/revisions"}],"predecessor-version":[{"id":1943,"href":"https:\/\/lebonsensetlaseve.fr\/index.php\/wp-json\/wp\/v2\/pages\/1876\/revisions\/1943"}],"wp:attachment":[{"href":"https:\/\/lebonsensetlaseve.fr\/index.php\/wp-json\/wp\/v2\/media?parent=1876"}],"curies":[{"name":"wp","href":"https:\/\/api.w.org\/{rel}","templated":true}]}}